f).
-33
Suppose 190*o = 49*o - 9*o - 1950. Let m(s) = -s**2 - 13*s + 2. Calculate m(o).
2
Let p(y) be the first derivative of y**2/2 - 6*y + 6. Let l(m) = -22*m + 640. Let q be l(29). What is p(q)?
-4
Let j(g) = -27*g - 20. Let o(f) = 19*f + 13. Let l(u) = u**3 + 34*u**2 + 31*u - 71. Let b be l(-33). Let m(c) = b*j(c) - 7*o(c). What is m(-7)?
-5
Let z be 2 - (0/2)/(-2 - -1). Suppose 34 = 3*k + 5*x, -2*k - 1 = -x - z. Suppose 3*d - k*y = -0*d + 42, 4 = -y. Let c(r) = -r + 4. Give c(d).
-6
Suppose 0 = 25*a - 21*a - 12. Suppose -6*d - a = 3. Let c(h) = h**2 + 2*h. Calculate c(d).
-1
Let r = -4108 + 4114. Suppose -4*p + 3 = -1. Let n(o) = -p + 2 - 6*o**2 + 6*o + 3*o**3 - o**2 - 2*o**3. Calculate n(r).
1
Suppose -2*d - 21 + 21 = 0. Let u(c) = c**3 - c**2 - c - 8. Give u(d).
-8
Suppose -13*k + 14*k = 0. Let l(w) = w + 1. Let b(u) = -6*u + 12. Let r(z) = -b(z) - 5*l(z). Give r(k).
-17
Suppose 22*c - 8932 = 15*c. Suppose 1278*j - c*j = 10. Let o(r) = -r**3 + 6*r**2 - 2*r - 3. Determine o(j).
12
Let d(m) be the first derivative of -3*m**4/4 + 2*m**3/3 + m**2 + m - 152. Suppose 4*y - 13 = 3*r + 10, 4*y - 18 = -2*r. What is d(r)?
4
Let l(u) = -2*u + 7. Suppose -o + k = 615, 5*o - k + 277 = -2790. Let t = -613 - o. Give l(t).
7
Let a(n) = -12*n**3 - 2*n**2 + n + 1. Let i(o) = -37*o**3 - 15*o**2 + 13*o + 8. Let s(u) = -3*a(u) + i(u). Calculate s(-9).
-85
Suppose -3*j - 3 = 0, 6*x + 3*j = 3*x - 36. Let a(b) = 11 - 2*b + b - 24 + 0*b. Determine a(x).
-2
Let w(a) = -2*a**3 + 13*a**2 - 222490*a - 10*a**2 + 222489*a. What is w(2)?
-6
Let y = 4 + -2. Let l(r) be the second derivative of 1/2*r**2 + 1/2*r**3 - 2 + 29*r. Calculate l(y).
7
Let b(h) be the first derivative of -h**3/3 - 4*h**2 - 6*h - 13. Let c be b(-7). Let p be (-14)/63 - c/(27/(-6)). Let x(k) = -k**2 + k - 6. Determine x(p).
-6
Let g(m) = -7*m + 11. Let z(r) = -30*r + 48. Let s(h) = -26*g(h) + 6*z(h). Let q(f) = -2*f + 43. Let l be q(22). Give s(l).
0
Let i(w) = 3*w**2 + 33*w - 16. Let o(v) = 4*v**2 + 38*v - 14. Let r(u) = 5*i(u) - 4*o(u). Determine r(9).
12
Let a(v) = 2*v**2 - 7*v + 1. Suppose 1950 = -7*b - 6*b. Let w = b + 155. Determine a(w).
16
Suppose -4*i + 40 = 5*k - 20, -4*i = k + 4. Suppose 6*y = 28 - k. Let j(a) = -4*a**2 + 8*a**y - 2 + a**2 - 6*a**2 - 2*a. Give j(-2).
-2
Let x = -25905 + 25913. Let j(w) = 3*w**2 - 27*w + 56. What is j(x)?
32
Suppose -4*q - 5*t = -15, -2*q + 3*t = t - 12. Suppose 5*x = 5*w - 10, q*x = 4*w - 2 - 2. Let p(s) = s**2 - 42*s + s**3 - 6 + 47*s + 4 + w*s**2. Give p(-6).
4
Let g(a) = -391*a - 1580. Let b be g(-4). Let p(q) = -q**3 - 17*q**2 - 10*q + 7. Calculate p(b).
-89
Suppose 175*y - 59 = 157*y + 85. Let n(u) = u - 29. Calculate n(y).
-21
Let r(n) = 2*n**2 - 45*n - 201. Let y(a) = a**2 - 24*a - 109. Let d(v) = -6*r(v) + 11*y(v). Calculate d(4).
15
Let u(d) = -d**2 - 8*d + 18. Suppose -15*n - 3*z = -16*n - 24, z = 5*n + 64. What is u(n)?
-30
Let h(t) = -15*t + 120. Let l be h(7). Let b(g) = l + 11 - 22 - 2*g. Suppose 5*x = -0*x + 4*r + 23, -x + 13 = -5*r. Determine b(x).
-2
Let r(o) = 6*o + 136. Let y(i) = i + 38. Let x(g) = r(g) - 3*y(g). Calculate x(-8).
-2
Let t(v) = 4*v + 10 + 3*v**2 - 2*v**2 - 21. Let r be t(-5). Let y(a) = 6*a - 30. Let o(n) = -n + 6. Let l(i) = -11*o(i) - 2*y(i). Give l(r).
0
Let l(p) = 32*p - 128. Suppose 37*i - 148 = -19*i + 19*i. Give l(i).
0
Let h(c) = c**2 - 4*c - 1. Suppose -d - 4*d = 4*f - 8, 17 = 5*d + f. Suppose 0 = -d*m + m. Let z be 2/(-6)*m - -4. What is h(z)?
-1
Let i(r) = 7*r**3 - r**2 + 3*r - 1. Let s(g) = -27*g - 2725. Let c be s(-101). Calculate i(c).
57
Let c(h) = 11677 - 3*h - 11668 + 2*h. Give c(-5).
14
Let p(w) = -2*w + 18. Let a(u) = 27*u - 245. Let h(q) = -6*a(q) - 82*p(q). Suppose 0 = 4*b + 12. Calculate h(b).
-12
Let p(i) = 92*i - 257 + 31 + 9 - 331. Give p(6).
4
Let d(n) = 3062*n**2 - 9197*n**2 + n**3 + 3066*n**2 - 2*n + 3064*n**2 + 3. Determine d(4).
-21
Let c(m) = m + 15. Let b be c(-8). Let p be (18/(-52) - (-18)/(-117))*-8. Let l(z) = 26*z**2 + 12 + z**3 - 34*z**2 - p + 7*z. What is l(b)?
8
Let q(x) = -10*x + 18*x**2 - 64*x**2 + 22*x**2 - 18*x**2 + 16*x**2 - x**3 + 16*x**2 + 10. Suppose -3*p = -5*n - 45, -6*n = -n - p + 45. Determine q(n).
19
Let n(i) = -114*i - 48. Let a(y) = 256*y + 96. Let j(z) = 4*a(z) + 9*n(z). Determine j(-20).
-8
Let t(m) = -9 - 4 + 11 + 104*m - 4 - 34*m. Calculate t(-1).
-76
Let a(t) be the third derivative of 3*t**4/8 + 53*t**3/3 + 2*t**2 + 628. Calculate a(-11).
7
Suppose -s + 27 = 5*q, -8*q = -5*q + 5*s - 25. Let n(c) = -c**2 + c + 5. Let m be n(0). Let k(l) = -m + 9 + l - 2*l. Determine k(q).
-1
Let a(h) be the second derivative of h**3/3 + 11*h**2 + 20*h. Let u be (-5)/(4 + -3 - 14/21). Calculate a(u).
-8
Let g(o) = -2*o**3 + 7*o**2 + 2*o - 4. Let a = 6773 + -6769. Determine g(a).
-12
Let r(q) = -3*q**2 - 3*q - 6. Let x = -14809 + 14805. Calculate r(x).
-42
Let b be (-3)/(-12) - (63/12 - -2). Let z(g) be the third derivative of g**4/12 + 3*g**3/2 - g**2 - 12. Calculate z(b).
-5
Let s = 18948 - 18949. Let w(k) = -20*k - 6. Calculate w(s).
14
Let x(s) = -259 - s**3 - 5*s**2 + 529 - 252 + 2*s - 7*s**2. What is x(-12)?
-6
Let m be -1 - 1 - (-20)/4. Let j(w) be the first derivative of 4*w + 5/2*w**2 - 15 - 1/3*w**3. What is j(m)?
10
Suppose 233*a + 1025 + 140 = 0. Let f(d) = -d - 8. Let g(n) = 1. Let m(l) = -f(l) - 2*g(l). Calculate m(a).
1
Let l(r) = -11*r. Let m = 2143 - 2148. Calculate l(m).
55
Let f be 36/90 - (-4)/5*2. Suppose 5*k + f = -2*n + 34, 5*n - k - 26 = 0. Suppose -3*h = -h + n. Let c(y) = -3*y. Determine c(h).
9
Let b(h) be the third derivative of h**5/60 + 5*h**4/24 + h**3/3 + 12*h**2. Let u be b(-5). Let t(g) = 9*g - 6*g + g - 3. Give t(u).
5
Let h(y) = -4 + 543*y - 1 - 544*y + y**2 - 5*y**3. Let r(l) = l**3 + l + 1. Let d(c) = -h(c) - 4*r(c). What is d(3)?
10
Suppose 0 = o + 3*o. Let k(z) be the first derivative of -1 - 1/2*z**2 - 16*z. Calculate k(o).
-16
Suppose 2*x - 3*c + 0*c + 14 = 0, -2*x - 18 = -5*c. Let a(v) = 2*v - 268. Let o(b) = 2*b - 222. Let u(r) = 5*a(r) - 6*o(r). Give u(x).
0
Let x(w) = w**2 - 8*w + 3. Suppose 2*v - 4*a + 2 - 18 = 0, -5*a - 15 = 0. Suppose -5*b - 3*m = -m, b = v*m. Suppose -3*l - l + 20 = b. Calculate x(l).
-12
Let h(p) be the second derivative of -p**4/12 + 3*p**3 + 41*p**2 - 28*p - 21. Determine h(22).
-6
Let j(b) = b**3 - 12*b**2 + 19*b + 10. Let c = 19957 - 19947. Give j(c).
0
Let m(i) be the first derivative of -5*i**2/2 - 13*i - 177. Let j(h) = -4*h - 11. Let z(o) = 7*j(o) - 6*m(o). What is z(3)?
7
Let j(n) = -4*n + 5 - 8 - 11 + 0 + 0*n. Calculate j(12).
-62
Let b = 360 + -365. Let n(p) = -2*p - 7. Let v(o) = o - 1. Let x(q) = b*v(q) + n(q). What is x(-2)?
12
Let j(c) = 4355*c + 4365*c + 4361*c - 13083*c - 15. Let n be (2 - (1 + 0)) + -1. Calculate j(n).
-15
Let u(x) = x + 4. Let z = -195 + 198. Suppose -3 = k - n, -k - 3*n - 40 = z*k. What is u(k)?
-3
Let s(p) = 2*p - 36. Let j be s(15). Let x(m) be the second derivative of m**3/6 + 7*m**2 - 7*m - 30. Determine x(j).
8
Let n be 2/(((-2)/(-3))/(6/9)). Let l(h) = -4*h + 14*h - 9*h + n - 10*h. Determine l(4).
-34
Suppose 0 = 5*i + 10, 0*h = 3*h - i - 3380. Let m(x) = x + 0*x + h - 1126. Determine m(8).
8
Let o(q) = -q**2. Suppose 8*t = -t + 315. Let r = t + -32. Suppose -2*h = h - r. Determine o(h).
-1
Let m(p) = 94 + 9130*p**2 - 22*p - 9119*p**2 + p**3 - 37. Calculate m(-13).
5
Let c be (-15)/5 - 14/(-5) - (-1947)/(-165). Let z(m) = m**3 + 12*m**2 + 2*m + 17. Determine z(c).
-7
Let a(l) = -5*l**2 - 240*l - 228. Let d be a(-47). Let c(m) be the third derivative of m**6/120 - 7*m**5/60 - m**4/4 + 5*m**3/3 + m**2. Determine c(d).
-32
Suppose 3*c - 31 = -3*d + 20, 3*c = 4*d - 82. Let f(w) = 0*w**2 - 2*w + 2*w**2 + d*w - 4*w + 1 - w**2. Determine f(-10).
-29
Suppose -32 = -6*c - 14. Let d(m) = -2*m - 6*m**c + 3 + 3*m**2 + 0*m**2 + m**2 + 7*m**3. Determine d(-5).
-12
Let n(u) = -u - 2*u + 855 - 370 - 430. Give n(16).
7
Suppose -393*v + 20 = -373*v. Let h(c) = -c**2 - 2*c + 3. Determine h(v).
0
Let d(t) be the third derivative of t**6/120 - 11*t**5/60 + t**4/24 + 11*t**3/6 + 2*t**2 + 2869*t. Determine d(11).
22
Let p(g) = 24*g**3 - g**2 - 2*g - 1. Suppose 0 = 2*h - 2*j - 18, 20*j - 22*j + 17 = 5*h. Suppose -h*x + 5*q = 13 - 8, -4*q = 0. What is p(x)?
-24
Let s(o) = -4*o + 0 - 6 + 